3. Let x(s) = -168*s + c*s + 82*s. Give x(-4).
4
Suppose 0 = 2*x - 4, y - 2*y + 2*x + 7 = 0. Let c(r) = -r + 10. Calculate c(y).
-1
Let z(w) be the first derivative of -w**5/60 - w**4/8 - 25*w**3/3 + 10. Let d(r) be the third derivative of z(r). Determine d(-6).
9
Let z(g) be the first derivative of 4*g**2 - 2*g + 628. Calculate z(-1).
-10
Suppose -6 = 3*h, 8*t + h - 103 = 3*t. Let w = -20 + t. Let g = 5 - w. Let j(c) = c**2 - 3*c + 2. Calculate j(g).
6
Let i(c) = c**3 + 14*c**2 + c + 13. Let q be i(-14). Let w(k) = k + 1. Let y(o) = 6*o**2 + 4*o + 3. Let m(g) = q*y(g) + 3*w(g). Calculate m(-2).
-22
Suppose -24 = -9*d + 21. Let y(t) = 2*t - 2 + d - t - 4*t. What is y(2)?
-3
Let z be 0/(0 - -2) + 5. Suppose 2*c = c + z. Suppose -c*i + 16 = 51. Let o(m) = -m**3 - 7*m**2 + m + 6. What is o(i)?
-1
Suppose 0 = -y + g + 9, 2*g = y - 3*g - 29. Let m = 76 - 37. Let x(r) = 2*r - 3*r - m*r**2 + 43*r**2 - r**3. Determine x(y).
-4
Let a(u) = -u**2 + 4*u + 7. Let s be ((-4)/10)/(62/(-775)). Give a(s).
2
Let s(l) = -127*l + 7*l**2 + 259*l + 1 - 133*l. Determine s(1).
7
Let w(d) = 5*d**2 - 5*d + 7. Let g(x) = -9*x**2 + 9*x - 13. Let p(n) = 6*g(n) + 11*w(n). Let u(l) = l**3 - l**2 - 7*l - 2. Let z be u(-2). Determine p(z).
-1
Suppose -2*o - 83 = h - 93, -27 = -5*o - 3*h. Let b(r) = r**3 - 5*r**2 + 5*r - 5. Determine b(o).
-8
Let z(b) = -b**3 - 6*b**2 - 3*b - 1. Let d = -677 + 672. Give z(d).
-11
Suppose 2*l = 5*l + 3. Let i(x) = 8*x**3 - x. Let t(k) = 9*k**3 - k**2 - 2*k. Let a(j) = 3*i(j) - 2*t(j). Determine a(l).
-5
Let j = 389 + -384. Let y(p) = -2*p**2 + 5*p + 1. Determine y(j).
-24
Let t(a) be the third derivative of a**4/24 - 7*a**3/6 - 3*a**2. Let y = -164 - -158. Give t(y).
-13
Let k = -10 + 12. Suppose 2*n - 2*b = 4, 2*b + 2 = -k. Let t(j) = -4*j + n*j - 1 + 5*j. Calculate t(-2).
-3
Let y = -84 - -86. Let c(a) = 1 - 5*a**2 - 6*a**2 - 8*a**y + 6*a**2. Calculate c(-1).
-12
Let n be (-2)/(-3) - (-50)/15. Let t = n - 11. Let h be (-12)/42 + 26/t. Let f(s) = s**3 + 5*s**2 + 3*s - 4. Determine f(h).
0
Let j(u) be the second derivative of u**4/4 + u**2 - 56*u. Determine j(-2).
14
Let s(x) = x + 2. Let b be s(-2). Suppose -34 = -3*n - 31. Let v(r) = r + 1 - n + 1 - 4. Determine v(b).
-3
Let v = 27 - 23. Suppose -2*b = v*l - 5*b + 5, l + 2*b - 7 = 0. Let k(s) = 1 - 4*s**3 + 0*s - s**2 - s - s**3. What is k(l)?
-6
Let x = -17 + 13. Let z be x/6 + (-24)/(-9). Let y be (-1)/(z - 18/8). Let h(b) = -b - 2. What is h(y)?
-6
Suppose 0*k + 4*k - 24 = -5*q, -4*k + 4*q = 12. Let h = -10 - -17. Let t(i) = 2*i + h*i - 2*i. What is t(k)?
7
Let w be (2/1)/(84/(-76) - -1). Let k = w + 25. Let i(s) = s**3 - 5*s**2 - 5*s - 5. Give i(k).
1
Let f(k) be the second derivative of k**4/6 - 5*k**3/3 + 5*k**2/2 + 141*k. Determine f(8).
53
Let y(p) = -p + 14. Let h = -705 - -711. What is y(h)?
8
Let h be ((-95)/(-38) - (-11)/(-6))*12. Let s(z) = z**2 - 8*z + 1. Give s(h).
1
Let a(d) = -72*d + d**3 + 8 - 73*d - 8*d**2 + 307*d - 78*d - 77*d. Calculate a(7).
8
Let m(o) = 2 - 4 - o + 1. Suppose 67 = 30*d - 53. Calculate m(d).
-5
Suppose 7*w + 14*w = -105. Let b(x) = 4*x - 4*x**3 - 2 - 4*x**2 + 2*x**3 + 2*x + x**3. What is b(w)?
-7
Let w = -1792 - -1793. Let t(q) = -14*q**3 - 4*q**2 + 1. Let z(k) = -29*k**3 - 9*k**2 + 2. Let y(j) = -7*t(j) + 3*z(j). Give y(w).
11
Let u(d) = -4*d**2 + 7*d + 3*d**2 + 1 + 2. Calculate u(8).
-5
Let r(x) = -x**3 + 6*x**2 + 14*x + 3. Let n be r(-2). Let c(f) = -f**2 + 2*f + 22. Calculate c(n).
-13
Let p = -525 - -524. Let i(a) = a**3 + a**2 + 1. Give i(p).
1
Let n(l) = 3*l**3 - 2*l**2 - l + 18. Let k(h) = -2*h**3 - 10. Let x(y) = -5*k(y) - 3*n(y). Determine x(-3).
14
Let g(m) = m**3 + 4*m**2 + 3*m + 5. Let h(o) be the first derivative of 5*o**2/2 + 36*o - 31. Let u be h(-8). What is g(u)?
-7
Let b(a) be the first derivative of a**4/4 + 6*a**3 + a**2 + 29*a + 131. Give b(-18).
-7
Let x be 9/((-36)/(-20)) - -6. Let g(a) = a**2 - 15*a + 15. Give g(x).
-29
Let h(m) = m**3 - 7*m**2 - 3. Let v(p) be the first derivative of -p**3/3 + 13*p**2/2 - 33*p + 31. Let s be v(8). Determine h(s).
-3
Let b = 72 - 77. Let g(q) = -6*q + 18. Let h(m) = -1. Let a(o) = g(o) + 12*h(o). Let t(n) = 5*n - 5. Let f(j) = b*t(j) - 4*a(j). Calculate f(5).
-4
Let o(l) = -3*l - 4. Suppose 82*w - 87*w = 25. Calculate o(w).
11
Let q(j) = -j - 1. Suppose 26 = 11*w - 7. Suppose 0 = 2*y + 5*o - 16, 4*y = 3*y + 3*o - w. Determine q(y).
-4
Let w(k) = -1 - 3*k + k + k + 0*k - 5*k. Calculate w(-1).
5
Suppose -2*p - p = 0. Let w be p*(3 - (3 - 1)). Suppose w = -i - 0*k - 4*k - 10, 0 = -i - 2*k - 6. Let z(b) = 2*b**2 + 2*b - 2. What is z(i)?
2
Suppose -11 - 19 = -10*u. Let o(r) = -80 + 4*r + 73 - u*r. What is o(6)?
-1
Let z(n) = n**3 - 8*n**2 + 3*n. Let d(u) = -u**3 + 9*u**2 - 3*u - 1. Let m(t) = 4*d(t) + 5*z(t). Determine m(3).
-4
Suppose u - 12 + 7 = 0. Suppose -l - 3*l - 32 = 4*d, -u*d = 3*l + 34. Let a(f) = -f**2 - 2*f + 2. Give a(l).
-1
Let z(s) = -s**3 + 3*s**2 + 5*s - 4. Let p be z(4). Suppose -d - 11 + 2 = p. Let v(x) = 2*x + 13. Let a be v(d). Let r(g) = -g**2 - 2*g - 2. Determine r(a).
-17
Let a(m) = -2*m**3 + 2*m**2 + m. Suppose 12*l - 9 - 27 = 0. Let z be 6*((-2)/6 + 1). Suppose 0 = -2*k + z*k + l*x + 11, -9 = -2*k + x. Determine a(k).
-6
Let f(i) = 12*i + 3. Suppose 43*g + 185 = 271. What is f(g)?
27
Let o(i) be the third derivative of -i**6/120 - i**5/10 - i**4/8 - 3*i**3/2 + 3*i**2. Let n(m) = -3 + 4 + 3*m + 2. Let r be n(-3). Determine o(r).
9
Let s(c) = c**2 + c - 12. Let x be (-2)/10 - (-48)/(-10). Let j(i) = 2*i**2 + 11*i + 5. Let n be j(x). Determine s(n).
-12
Let k = -76 + 81. Let z be 0 + 2/12 - k/(-6). Let j(t) = -10*t**2 - 2*t + 1. Give j(z).
-11
Let b = -10 + 5. Let m(l) = 3*l - 7. Let k(s) = -2*s + 5. Let a(v) = -7*k(v) - 5*m(v). Let u be a(b). Let c(r) = -r**3 + 6*r**2 - 6*r + 2. What is c(u)?
-3
Let u(d) = -d**3 + 8*d**2 + 6*d - 7. Let s(p) = p**3 - 7*p**2 - 5*p + 6. Let n(b) = -6*s(b) - 5*u(b). Suppose 4*i - 28 = -8, 2*f - 2*i + 8 = 0. Calculate n(f).
0
Let y(l) be the second derivative of l**5/10 + l**4/4 + l**3/6 + l**2 + 4*l. Let t(f) = -2*f - 3. Let c be t(-4). Suppose 0 - 10 = c*n. Determine y(n).
-4
Let o(h) = -2*h**3 - 3*h**2 + h + 2. Let k(v) = v**3 - 8*v**2 - 19*v - 12. Let t be k(10). Calculate o(t).
4
Suppose 6*i - 32 = -2*i. Let r be 10 + -12 - i/2. Let v(z) = -z**3 - 2*z**2 + 3*z + 4. Give v(r).
24
Let w(z) = -z. Let q(a) = -4*a - 1. Let n(o) = -q(o) + 3*w(o). Give n(-2).
-1
Let w = 72 + -77. Let r(k) = k**3 + 3*k**2 - 1. Let q(n) = -n**3 - 4*n**2 - n + 2. Let t be 52/(-20) - (-2)/(-5). Let j(v) = t*q(v) - 2*r(v). Determine j(w).
6
Suppose 26 = 5*a - 3*r, -6*a + 11*a - 18 = -r. Let c(n) = 2*n + 4. Calculate c(a).
12
Let h = -61 - -61. Suppose -3*p - 5*x = -5 - h, 2*p = 5*x - 5. Let c(l) = l**2 - l - 3. Determine c(p).
-3
Let z(k) = 3*k**3 + 12*k**2 + k + 2. Let s(x) = -2*x**3 - 11*x**2 - x. Let g(q) = 4*s(q) + 3*z(q). Let b(h) = 3*h - 1. Let l be b(3). Determine g(l).
-2
Let n(g) = -g**3 - 13*g**2 + 5*g - 14. Let x be n(-13). Let o = -83 - x. Let y(j) = 2*j - 3. Give y(o).
-11
Let i(m) = -m**2 - 5*m + 7. Let v be i(-5). Let t be 6*(28/8)/v. Suppose -t*f - 5 = 4. Let g(y) = -2*y**2 - 4*y - 1. Determine g(f).
-7
Suppose 2*z - 3*g = 7*z - 10, z = -g. Let n(w) = w**3 - 4*w**2 - w - 3. Give n(z).
17
Suppose 0 = -18*h - 28 + 118. Let a(l) be the second derivative of 0 - 1/20*l**h + 0*l**3 - 2/3*l**4 + 4*l + 3/2*l**2. Give a(-8).
3
Let n = 25 - 21. Suppose 2 - 1 = -o + 2*h, -o - 3*h + n = 0. Let x(d) = -9*d**3 + 1. Calculate x(o).
-8
Let t be 52/3 + (-1)/3. Let v(o) = 3 + 18*o**2 + 4*o - t*o**2 - 3*o. Suppose 5*j + 3*q = 9, -4 = 3*j - q - 1. Determine v(j).
3
Let r(m) = -m**3 + 4*m**2 - 3*m + 3. Let k(y) = y + 2. Let z be k(0). Suppose 4*g + 3 = -5*o, g - 4*g = -z*o - 15. Calculate r(g).
3
Let f(q) be the first derivative of -18 + 2*q + 1/3*q**3 + 7/2*q**2. Calculate f(-6).
-4
Suppose 14 = 5*l - 3*g + 11, 2*l + 2*g - 14 = 0. Let v(i) = -i**2 + 5*i - 4. Determine v(l).
2
Let b(o) be the first derivative of o - 5/3*o**3 + 1/4*o**4 + 2*o**2 + 7. Let n be ((-2)/(-4) - -1)*2. Give b(n).
-5
Let c(g) = -g**2 + 9*g - 2. Let p(u) = u. Let a(q) = c(q) - 2*p(q). Suppose 0 = -w + 8 - 2. Determine a(w).
4
Let g(z) = -z**3 + 5*z**2 + 5*z + 10. Let r be g(6). Let b(s) be the secon